377
Calculate the remainder when 6169 is divided by 5691.
478
What is the remainder when 5600253 is divided by 256?
253
What is the remainder when 853553 is divided by 984?
425
Calculate the remainder when 2320922 is divided by 17.
14
What is the remainder when 760300 is divided by 123?
37
Calculate the remainder when 9840673 is divided by 25.
23
What is the remainder when 41183130 is divided by 270?
30
Calculate the remainder when 3083465 is divided by 1748.
1741
What is the remainder when 13450486 is divided by 425?
86
Calculate the remainder when 129876 is divided by 200.
76
Calculate the remainder when 1388724 is divided by 514.
410
What is the remainder when 31541578 is divided by 305?
3
Calculate the remainder when 17570779 is divided by 36836.
7
Calculate the remainder when 1291978 is divided by 984.
970
Calculate the remainder when 1055836 is divided by 175833.
838
Calculate the remainder when 304134 is divided by 151200.
1734
Calculate the remainder when 233166982 is divided by 26.
22
Calculate the remainder when 29826033 is divided by 18.
15
What is the remainder when 445975 is divided by 3742?
677
Calculate the remainder when 115475 is divided by 5497.
38
Calculate the remainder when 130940 is divided by 7167.
1934
Calculate the remainder when 4523244 is divided by 1984.
1708
What is the remainder when 221419 is divided by 457?
231
Calculate the remainder when 27686147 is divided by 254001.
38
Calculate the remainder when 5369392 is divided by 167.
8
What is the remainder when 81293 is divided by 13501?
287
What is the remainder when 3564320 is divided by 25?
20
Calculate the remainder when 9384 is divided by 731.
612
What is the remainder when 6183659 is divided by 2061214?
17
Calculate the remainder when 234286 is divided by 93.
19
What is the remainder when 2585644 is divided by 52?
48
Calculate the remainder when 5937379 is divided by 10.
9
Calculate the remainder when 203248 is divided by 993.
676
What is the remainder when 175793839 is divided by 157?
154
Calculate the remainder when 592458 is divided by 7225.
8
What is the remainder when 10180626 is divided by 979?
5
Calculate the remainder when 440615 is divided by 4367.
3915
What is the remainder when 57241 is divided by 229?
220
What is the remainder when 1388649 is divided by 68?
21
What is the remainder when 61579144 is divided by 105?
4
Calculate the remainder when 11885 is divided by 2285.
460
Calculate the remainder when 239180 is divided by 12471.
2231
What is the remainder when 10055858 is divided by 2436?
50
Calculate the remainder when 7221552 is divided by 3868.
3864
Calculate the remainder when 1724448 is divided by 368.
0
Calculate the remainder when 187501 is divided by 3672.
229
What is the remainder when 16939205 is divided by 1209943?
3
What is the remainder when 1214640 is divided by 622?
496
What is the remainder when 207187 is divided by 102541?
2105
What is the remainder when 11886960 is divided by 362?
328
Calculate the remainder when 27070130 is divided by 2787.
2786
What is the remainder when 47143 is divided by 242?
195
What is the remainder when 4167330 is divided by 253?
167
Calculate the remainder when 89146871 is divided by 1274.
1269
Calculate the remainder when 4167271 is divided by 436.
419
What is the remainder when 63312 is divided by 2953?
1299
Calculate the remainder when 189093 is divided by 202.
21
What is the remainder when 289931 is divided by 2929?
2889
Calculate the remainder when 8315256 is divided by 14512.
14392
Calculate the remainder when 76708 is divided by 12662.
736
What is the remainder when 4853 is divided by 4611?
242
What is the remainder when 59035 is divided by 2515?
1190
Calculate the remainder when 16221709 is divided by 241.
240
Calculate the remainder when 152535 is divided by 1531.
966
Calculate the remainder when 2734717 is divided by 25.
17
What is the remainder when 2797759 is divided by 393?
385
Calculate the remainder when 67521 is divided by 33268.
985
Calculate the remainder when 204350 is divided by 40516.
1770
What is the remainder when 5610929 is divided by 5583?
14
Calculate the remainder when 104163 is divided by 6944.
3
What is the remainder when 7426218 is divided by 1856545?
38
What is the remainder when 4744924 is divided by 12586?
2
Calculate the remainder when 31352 is divided by 1280.
632
What is the remainder when 4343 is divided by 3618?
725
Calculate the remainder when 5906514 is divided by 144.
66
What is the remainder when 24749 is divided by 778?
631
What is the remainder when 1841013 is divided by 237?
234
What is the remainder when 65524978 is divided by 60?
58
What is the remainder when 12595784 is divided by 2519155?
9
Calculate the remainder when 509377 is divided by 169746.
139
What is the remainder when 13460693 is divided by 747816?
5
What is the remainder when 6342 is divided by 2673?
996
What is the remainder when 1270314 is divided by 635096?
122
Calculate the remainder when 64171028 is divided by 605387.
6
Calculate the remainder when 48031813 is divided by 414067.
41
What is the remainder when 17978972 is divided by 1501?
1495
Calculate the remainder when 26798143 is divided by 3409.
3403
Calculate the remainder when 866522 is divided by 32092.
38
What is the remainder when 1923717 is divided by 6125?
467
Calculate the remainder when 37424678 is divided by 26.
18
What is the remainder when 2468129 is divided by 7?
6
What is the remainder when 41115387 is divided by 97?
94
Calculate the remainder when 53660098 is divided by 2826.
10
What is the remainder when 306016 is divided by 74712?
7168
Calculate the remainder when 36145582 is divided by 577.
571
Calculate the remainder when 44056 is divided by 1224.
1216
Calculate the remainder when 12341 is divided by 307.
61
Calculate the remainder when 45504235 is divided by 84.
7
Calculate the remainder when 321027918 is divided by 142.
140
Calculate the remainder when 640804 is divided by 2625.
304
What is the remainder when 135567762 is divided by 186990?
12
Calculate the remainder when 6711480 is divided by 2548.
48
Calculate the remainder when 32909728 is divided by 21566.
12
Calculate the remainder when 6625352 is divided by 235.
232
Calculate the remainder when 263293 is divided by 44.
41
What is the remainder when 755666807 is divided by 78?
77
Calculate the remainder when 9564 is divided by 4244.
1076
What is the remainder when 283941454 is divided by 62?
54
What is the remainder when 2979551 is divided by 984?
983
Calculate the remainder when 6726068 is divided by 6726046.
22
Calculate the remainder when 1566682 is divided by 313313.
117
Calculate the remainder when 692436 is divided by 228.
0
What is the remainder when 5751091 is divided by 359443?
3
Calculate the remainder when 127612 is divided by 759.
100
Calculate the remainder when 28642 is divided by 2598.
64
Calculate the remainder when 2226378 is divided by 383.
382
What is the remainder when 6093136 is divided by 269?
17
What is the remainder when 70620 is divided by 6392?
308
What is the remainder when 2869843 is divided by 447?
103
What is the remainder when 1366178 is divided by 273144?
458
What is the remainder when 62783187 is divided by 124?
3
Calculate the remainder when 84735353 is divided by 2115.
2108
What is the remainder when 200352605 is divided by 647?
644
Calculate the remainder when 49033910 is divided by 506.
486
Calculate the remainder when 76753537 is divided by 7622.
7619
What is the remainder when 377218055 is divided by 266?
263
What is the remainder when 196575322 is divided by 22?
20
What is the remainder when 2176301 is divided by 979?
963
What is the remainder when 34033 is divided by 3953?
2409
Calculate the remainder when 2388032 is divided by 58.
56
Calculate the remainder when 26652666 is divided by 119.
117
What is the remainder when 1102718 is divided by 24?
14
What is the remainder when 1071695 is divided by 20608?
79
Calculate the remainder when 2245687 is divided by 2239.
2209
Calculate the remainder when 8861196 is divided by 20.
16
What is the remainder when 1859540 is divided by 68?
12
Calculate the remainder when 2420888 is divided by 3132.
2984
What is the remainder when 6493113 is divided by 6886?
6501
What is the remain